5*f = -0*f, 0 = -g + 4*f. Let w be ((g - 2) + 3)/(-1). List the prime factors of 93/6*(3 - w).
2, 31
Let y be ((-84)/(-49))/(-2 + 12/7). What are the prime factors of (-23)/(-1*(-2)/y)?
3, 23
Let j be 2 - (10 + -4 - 4). Suppose 0 = i - 4 - j. List the prime factors of i/30 + 2328/90.
2, 13
Let m be (176/(-66))/((-6)/27). List the prime factors of m/(-9)*9/(-12) - -505.
2, 11, 23
Let l = -444 - -456. Suppose g = -1, 9*h - l*h + 1695 = 3*g. List the prime factors of h.
2, 283
Suppose 0 = -y + 299 + 579. Let q = y - 376. List the prime factors of q.
2, 251
What are the prime factors of 621*(22 + -5 + 5)?
2, 3, 11, 23
Let g = -433 + 361. Let h = g - -236. List the prime factors of h.
2, 41
List the prime factors of 1687280/1260 + 2/(-18).
13, 103
Suppose -17*k + 16*k = 0. Suppose k = -b - l + 756, -25*b + 28*b + 5*l - 2264 = 0. What are the prime factors of b?
2, 379
Let p = 10301 + -9388. What are the prime factors of p?
11, 83
Suppose -5*d + 5*m = -15385, 0*d = 5*d + m - 15373. What are the prime factors of d?
3, 5, 41
Let k = -33 - -87. Let s(j) = 2*j**3 - 2*j**2 - 3*j + 13. Let a be s(3). Let o = k - a. List the prime factors of o.
2, 7
Let d(m) = -m**3 - 7*m**2 - 8*m - 4. Let q be 2/3 + 56/6. Let r(f) = -f**3 + 11*f**2 - 12*f + 14. Let l be r(q). List the prime factors of d(l).
2
Let x(n) = 0*n**2 - 30*n**3 - 3 + 32*n**3 - n**2 - 4*n**2. Let f be (-2)/(1/(-3) + 0). What are the prime factors of x(f)?
3, 83
Let u(x) = 1942*x - 7564. List the prime factors of u(19).
2, 3, 4889
Let d(o) = -7*o + 59. Let n be (2 + 11/(-2))*(-196)/(-49). What are the prime factors of d(n)?
157
Let g(a) = -4*a**3 + 6*a**2 + 25*a + 300. What are the prime factors of g(-9)?
3, 19, 61
Let h be (-480)/(-105) + 6/14. What are the prime factors of (h - 4)/((-1)/(-329))?
7, 47
Let u be (3 + -3 - 0) + 3 - 0. Let v(g) = 6 + g**2 + 4*g - u*g + 3 + g. List the prime factors of v(8).
89
Let u(m) = -19*m + 2. Let k be -48*(-8)/(-6)*(-3)/12. Let j = 12 - k. List the prime factors of u(j).
2, 3, 13
Let i = -4278 - -21632. What are the prime factors of i?
2, 8677
Suppose -6*x + x = 3*l - 16, 0 = 4*x - 4*l. Let n(q) = -2*q + 15. Let d(h) = 2. Let k(v) = x*d(v) + 2*n(v). List the prime factors of k(-20).
2, 3, 19
Let b be -968*((-9)/48)/((-5)/20). List the prime factors of (4 - b) + 0 - -6.
2, 23
Let m(q) = -10*q + 18. Let z(w) = -11*w + 18. Let o(a) = -6*m(a) + 5*z(a). Let r be o(4). What are the prime factors of (r/(-6) + 8/(-24))*-33?
2, 11
Let x = -94 + 96. Suppose 5*j + 3*r = 249, -3*r + 7*r - 94 = -x*j. What are the prime factors of -3 + (j - 0)*(5 + -3)?
3, 11
Let j = 163 + -178. Let t(o) = -o**3 - 15*o**2 - 2*o + 51. What are the prime factors of t(j)?
3
Let l(z) = 18*z**3 - 18*z**2 + 20*z - 133. What are the prime factors of l(13)?
7, 5233
Suppose 0 = -4*x - 2*n - 1064, 0 = -3*x + n - 0*n - 798. Let b(l) = l**2 - 14*l + 79. Let k be b(27). Let q = k + x. What are the prime factors of q?
2, 41
List the prime factors of (2 - 0)*(-5)/20*-7862.
3931
Let t(l) = 51*l - 45. Let j be t(20). Suppose 6*y = 1881 + j. What are the prime factors of y?
2, 7, 17
Suppose 193 = -5*m - t, m = 5*m - t + 158. Let f be (m/6 + 1)*(-9 - -1). Let x = 170 - f. List the prime factors of x.
2, 3, 7
Let b = 3875 - -1760. List the prime factors of b.
5, 7, 23
Let h = -306 + 302. Suppose 31 = -2*j + 5*o, 0 = -j + 3*o + 2 - 20. What are the prime factors of (2 + j)*2 - (h + -126)?
2
Let j(f) = 4*f**2 - 27*f - 1944. List the prime factors of j(-55).
7, 1663
Suppose 3*n - 5964 = -25*n. Let p = 327 - n. List the prime factors of p.
2, 3, 19
Let v be 3 + (-102)/30 - (-57)/5. What are the prime factors of 2*((-131)/(-2) + (9 - v))?
127
What are the prime factors of 27/((-3969)/(-3511248)) - (-8)/(-196)?
2, 3, 1327
Suppose h - 4*h = -2*h. Let i = 130 - h. Suppose 0 = v - 1 - i. What are the prime factors of v?
131
What are the prime factors of (-2246)/((6 - (-2 + 60/7))/2)?
7, 1123
Let b(j) be the third derivative of j**5/12 + j**4/4 - 13*j**3/6 + 2*j**2 - 11*j. List the prime factors of b(-7).
2, 5, 19
Let w(n) = 6*n + 30. Let h be w(-6). Let l(q) = -29*q + 32. Let t be l(h). Let s = t + -29. List the prime factors of s.
3, 59
Let w(j) = -3*j**3 - 6*j**2 - 12*j - 37. Let s = 83 - 75. Let p(z) = -5*z**3 - 9*z**2 - 18*z - 56. Let q(t) = s*w(t) - 5*p(t). List the prime factors of q(7).
2, 3, 23
Suppose 851*a - 797*a = 262710. What are the prime factors of a?
5, 7, 139
Suppose -7*m - 4*m + 22 = 0. Suppose 2*a - 3*x = 1347, -m*x - 2 = 4. List the prime factors of a.
3, 223
Suppose 0*z + 8 = z. Let w(h) = -12*h - 22 + z - 9. List the prime factors of w(-15).
157
Suppose 8*h - 221 = 3*h - 2*o, -2 = o. Let x = -40 + h. Suppose 444 - 84 = x*k. List the prime factors of k.
2, 3
Suppose -3*c - 5*t = 26, -5*t - 6 = -c - 3*t. Let y(s) = s**3 + s**2 - s + 2. Let q be y(c). Let z = 31 + q. List the prime factors of z.
31
Let r = -39 + 56. Suppose 78 = r*o - 15*o. Suppose 0 = 7*a - 375 + o. What are the prime factors of a?
2, 3
Let k(q) = 4*q - 24. Let s be k(6). Suppose -916 = -4*l - s*l. What are the prime factors of l?
229
Suppose d = -5*x - 2212, 0 = 2*d - 2*x - 2*x + 4438. Let c = 907 + d. What are the prime factors of (5 - (3 + 0))/((-20)/c)?
131
Let k be 55000/150*(-54)/(-5). Suppose 0*f - k = -5*f. List the prime factors of f.
2, 3, 11
Suppose -6*w = -124 + 28. Let k(x) = -4*x**2 + 3*x + 6. Let l be k(6). What are the prime factors of (-13095)/l + (-2)/w?
109
Suppose -8 = -d - 1. Let i(s) = -s**3 + 8*s**2 - 8*s + 12. Let p be i(d). Suppose p*y = 3*r - 185, 4*r = 2*y + 56 + 172. What are the prime factors of r?
5, 11
Let b(j) = 11*j**3 - 3*j**2 + 7*j + 113. List the prime factors of b(11).
2, 3617
Let n = -10476 + 19346. What are the prime factors of n?
2, 5, 887
Let m(c) = -449*c**3 - 8*c**2 + 3*c + 67. What are the prime factors of m(-5)?
3, 47, 397
Let k(p) = p**3 - 61*p**2 + 94*p - 666. List the prime factors of k(61).
2, 7, 181
List the prime factors of 9838 + ((-21)/(-14))/((-42)/224).
2, 5, 983
Suppose -y + 4*u + 46972 = 0, -8*u + 7*u - 187993 = -4*y. List the prime factors of y.
2, 5, 47
Let x = -3263 + 8716. List the prime factors of x.
7, 19, 41
Suppose -1200220 + 561391 = -89*g + 1334924. List the prime factors of g.
67, 331
Suppose 2*m - 5*y - 4 = -y, -3*m + 13 = y. Suppose 0*h + 4*z = 2*h - 734, -m*h - 4*z + 1456 = 0. What are the prime factors of h?
5, 73
Let l = -679 + 1191. Suppose 4*o - l - 656 = 0. Let r = 467 - o. What are the prime factors of r?
5, 7
List the prime factors of (-15)/(-9) + 1141748/114.
3, 7, 53
Let c(r) = r**2 + 7*r - 27. Let b be c(-10). Suppose 25 = -5*t, -b*v - 4*t + 1067 = t. What are the prime factors of v?
2, 7, 13
Let o be 23/(-5) - (2 - (-65)/(-25)). Let k(b) be the third derivative of -7*b**4/12 - 4*b**3/3 + b**2. List the prime factors of k(o).
2, 3
Let z = -436 + 6140. What are the prime factors of z?
2, 23, 31
Let o(i) = -2*i**2 - 16*i - 9. Let m(h) = -h**2 - 15*h - 9. Let n(c) = 4*m(c) - 3*o(c). What are the prime factors of n(20)?
19, 29
Let n be 38*((-195)/(-50) - 4/10). Suppose -3*o + 947 = -n. What are the prime factors of o?
2, 3, 5
Let j(d) be the first derivative of d**4/4 + 5*d**3/3 + d**2/2 - 2*d - 18. Let a be j(-4). Suppose -u = 5*l - 56, -a = -0*l - 2*l. List the prime factors of u.
31
Suppose 4*q + 2*a - 59332 = 0, -10*a = -5*q - 5*a + 74180. List the prime factors of q.
2, 7417
Suppose 8*x + 1227 + 1877 = 0. Let i = x - -869. What are the prime factors of i?
13, 37
Let u(k) = -k**2 + 6*k + 10. Let g be u(7). Suppose 0 = g*i + 7*i - 2490. Let s = -170 + i. List the prime factors of s.
79
Let q = 6339 - -2417. What are the prime factors of q?
2, 11, 199
Suppose -2*q + 27665 = 2*k - 3977, -15779 = -q + 5*k. What are the prime factors of q?
2, 7907
Let i = 14 - 18. Let c(n) = -27*n**2 + 2*n - 7. Let a(o) = -13*o**2 + o - 3. Let m(y) = -5*a(y) + 2*c(y). What are the prime factors of m(i)?
181
Let i(p) = -p**3 - 11*p**2 + 10*p + 18. Let v = -60 - -48. Let u be i(v). Suppose -10*n = -9*n - u. What are the prime factors of n?
2, 3, 7
Let n = 706 - 216. Let z = 5 + -2. Suppose -z*b = 61 - n. What are the prime factors of b?
11, 13
Let b be (-16475)/(-15) + 4/(-3). Let h = 2163 - b. List the prime factors of h/10 - ((-51)/15 - -3).
107
Suppose f + 0*c = 5*c + 3